*2 - 2*x - 1. Let q = -510 - -512. What is w(q)?
-1
Let y = 16 + -18. Let w be (((-24)/(-18))/(1/3))/y. Let l(c) = -2*c - 3*c**2 + 0*c**2 + 1 + c**2. Determine l(w).
-3
Let l = 20 + -18. Suppose -6 = -4*j + l. Let z(k) = 8*k**2 - 4*k**j - 1 - 3*k**2 + 7*k. Calculate z(-7).
-1
Let x(m) = -6*m - 1. Let p(d) = d**2 + 7*d. Let n(c) = 1. Let g(v) = -6*n(v) - p(v). Let a be g(-4). Suppose r = -r - a. Calculate x(r).
17
Let b(a) be the second derivative of -1/6*a**3 + 13/12*a**4 - 14*a - 1/2*a**2 + 0. Give b(-1).
13
Let r be (-10)/(-6) - 8/(-6). Let d(q) = q - 2. Let b(f) = -f + 3. Let h(y) = r*d(y) + 2*b(y). Give h(3).
3
Let o(h) = 2*h**2 + 39*h + 23. Let c be o(-19). Let v(u) = -3 - 2 + 2*u + 7. Calculate v(c).
10
Let a(f) = f + 18. Let j(r) = 6*r + 91. Let h(w) = 11*a(w) - 2*j(w). Let o be h(15). Let n(y) = -43*y + o - 50*y + 98*y. Determine n(-1).
-4
Let c(h) be the third derivative of h**6/120 + h**5/15 + h**4/8 - h**3/3 + 4*h**2 + 16. Calculate c(-3).
-2
Let v(w) = -1 - 3*w - 4 + 0*w + 9*w. Give v(-5).
-35
Suppose 0 = 5*o - 5*l - 65, -3*o + 7*o - l - 37 = 0. Let h(i) be the second derivative of 1/2*i**2 + 0 + 3/4*i**4 + 1/6*i**3 - o*i. Give h(-1).
9
Let n be (-6)/8 + (1450/(-40))/5. Let o(m) = -5*m - 34. Determine o(n).
6
Let q(p) be the second derivative of -p**4/12 - 2*p**3/3 - p**2 + 2331*p. Let x(k) = 5*k - 1. Let h be x(1). Let j = -8 + h. Calculate q(j).
-2
Let w(j) = 5*j**3 + 2*j**2 - 1. Let r(p) = 4*p**2 + 8*p + 17. Let n be r(-5). Let a = 78 - n. Give w(a).
6
Let s(b) = -7*b**3 - b**2 + 2*b - 1. Let f(a) = 10*a - 53. Let x be f(6). Suppose 0 = 25*n - 18*n - x. What is s(n)?
-7
Let h(x) = x**2 - 6*x + 3. Let r(g) = -g**3 + 4*g - 3. Let p be r(2). Let n(t) = -t**2 + 5*t - 2. Let l(b) = p*n(b) - 4*h(b). What is l(8)?
2
Let z(u) = -u + 1. Let l be z(-4). Suppose n - 15 = -8. Let m(o) = 14*o - 4 + n*o - 20*o - 2. Give m(l).
-1
Let r(f) = -2*f**2 - 2 - f**3 - 2*f**2 - 3 + 0*f**3. Let s(t) = 2*t. Let j be s(-2). Determine r(j).
-5
Let a(t) = -t**3 + 3*t**2 + 3. Suppose 10*g - 5*g - 5*o - 45 = 0, 2*g - o = 13. Determine a(g).
-13
Suppose -36 = 3*c - 15*c. Let x(g) be the third derivative of g**2 + 0 + 0*g + 2/3*g**3 - 1/60*g**5 + 1/8*g**4. Give x(c).
4
Let s(v) be the third derivative of v**8/6720 + v**7/630 + v**6/720 - v**5/60 - 19*v**4/12 + 7*v**2. Let u(f) be the second derivative of s(f). Calculate u(-4).
-6
Let l(b) be the third derivative of b**5/60 + b**3 - 3*b**2. Let g = -24 - -24. Suppose q = 3*u - g*q - 3, 2*u - 4*q = 12. Give l(u).
6
Let v(q) = -q**2 - 21*q - 11. Let b(n) = -n**2 - 24*n - 12. Let z(x) = -5*b(x) + 6*v(x). Give z(-3).
3
Let d(r) be the first derivative of -1 - 3/2*r**2 + 3*r. Let z = -79 - -81. What is d(z)?
-3
Let z = -99 - -106. Let g(x) = x - 1. Let f(k) = -2*k + 2. Let d(t) = z*g(t) + 3*f(t). Calculate d(-3).
-4
Let s(j) be the first derivative of -2*j**3/3 + 2*j**2 - j - 25. Give s(3).
-7
Let o(k) = k**3 + 3*k**2 + 4*k - 1. Let s(r) = r**2 + 1. Let t(a) = -o(a) - 4*s(a). Let n be (-4)/(-20) - (-93)/(-15). Determine t(n).
-15
Let a(q) = -q + 7. Let d be a(7). Suppose d = 3*k + 19 - 7, -2*j + 4*k + 20 = 0. Let l be (-3 - j/(-4))*2. Let g(y) = y**2 + 5*y + 5. Calculate g(l).
5
Let x(q) = -q**2 + 21*q - 17. Let y be x(20). Let h(m) = 5*m + y*m - 9*m + 1. Give h(-6).
7
Suppose 5*b = 3*t + 14, 0 = 4*b - t - 7. Let s = b + 7. Suppose -6*w + s*w + 4 = 0. Let q(h) = -h**3 - 2*h**2 + 2. What is q(w)?
2
Let d be -3 + (-2 - (1 + -3)). Let p(h) be the first derivative of h**3/3 + 5*h**2/2 + h + 113. Give p(d).
-5
Let a = -769 + 767. Let x(n) be the second derivative of -n**5/120 - n**4/12 + n**3/3 + 2*n. Let o(y) be the second derivative of x(y). Give o(a).
0
Let t(k) = 4*k - 1. Let j be ((-7)/((-175)/(-160)))/((-4)/10). Suppose j*x + 5 = 11*x. Determine t(x).
-5
Suppose -4*b - 4 = -2*l - 38, 0 = 5*l + 15. Let g(h) = -10 + 0*h**2 + 2*h**2 - 3*h**2 - 4*h + 2*h**2. What is g(b)?
11
Let w(d) = d**2 - 6*d + 5. Suppose 0 = 4*z - 19 + 3. Suppose -5*o = -6*o + 4*h + 19, -4*o + z*h + 16 = 0. Let f be 8/4 + 5 + o. Calculate w(f).
5
Let t(s) = -11*s - 3. Let o be 1*(-6 + 4)*1. Calculate t(o).
19
Let r(a) = a + 10. Let s = 90 - 90. Give r(s).
10
Let w(j) be the third derivative of 0 + 0*j + 1/10*j**5 + 7/24*j**4 - 5/6*j**3 - 1/120*j**6 - 29*j**2. Calculate w(7).
-5
Let j(l) = 3*l**3 + l + l - 2*l**3 + 4*l**2. Let s = -1778 - -1775. Determine j(s).
3
Let u(j) = 20*j**2 + 2*j + 5. Let i(z) = 7*z**2 + z + 2. Let o(r) = -17*i(r) + 6*u(r). Calculate o(3).
-10
Suppose 9 = 3*n + 2*j, 7*n - 3*n = -5*j + 12. Let i(k) = 4 + 5 + k**2 - 8*k + n*k - 1. Calculate i(6).
14
Let o(m) = -m**3 - 8*m**2 + 11*m + 8. Suppose -49 = 9*d + 32. Determine o(d).
-10
Let y(l) = -8*l - 8. Let d(n) = -7*n - 5. Let u(a) = 5*d(a) - 4*y(a). What is u(-8)?
31
Let d(u) = -16*u - 1. Let b be ((-12)/(-2))/(7 - 1). Give d(b).
-17
Suppose -3*a - a + 4 = 3*j, 4*a + j - 4 = 0. Let r(o) = -6 + 2*o**2 - a + 5 + 2*o. Give r(-2).
2
Let p(l) be the second derivative of l**5/20 + l**4/2 + l**3/6 + 7*l**2/2 - l. Let a(t) = 5*t + 73. Let m be a(25). Let n = m - 204. Determine p(n).
1
Let b be ((-42)/(-12) - 3)*-2. Let w(j) = j**3 - 2*j**2 - j. Give w(b).
-2
Let r(s) = 2*s + 18. Let b(g) = -g**2 - 17*g - 84. Let q be b(-9). Calculate r(q).
-6
Let z(p) = -5*p**2 + 8*p**2 + 17*p - 15*p + 1. Suppose -36 = 26*f + 16. Give z(f).
9
Let i(k) be the second derivative of -1/2*k**3 + 0 + 1/2*k**2 + 25*k. Calculate i(2).
-5
Suppose 4 = 2*x - s, -12 = 2*x - x - 4*s. Let y(v) = x*v + v**2 - 2 + 7 - 8. Let c(q) = q**2 + 3*q - 4. Let g be c(-3). Give y(g).
-3
Let i(b) = 2*b**3 - 21*b**2 + 15*b + 14. Let s(c) = c**3 - 10*c**2 + 7*c + 6. Let u(n) = 4*i(n) - 9*s(n). Calculate u(4).
22
Suppose -5*x + x - h + 32 = 0, 0 = 4*h. Suppose 0 = 2*s - 6*s - x. Let b(w) = -w - 8 + w**2 + 0 + 9. Give b(s).
7
Let y(f) = 3*f**2 - 15*f + 6. Let g be y(4). Let l(n) = -n - 11. What is l(g)?
-5
Let y(q) be the second derivative of 5/6*q**3 + 4*q**2 - 21*q - 1/12*q**4 + 0. Let c be 13/2 - 1/2. Give y(c).
2
Let t(o) = -o**3 + 11*o**2 + 13*o - 9. Let c be 0/2*1 + 12. Calculate t(c).
3
Let x(l) = 8*l**2 + l + 1. Let b be 2 - ((-105)/(-33) - (-4)/(-22)). Determine x(b).
8
Let h = -3 + 9. Let b(k) = 4 + 2*k**2 + 0 - 5*k**2 - h*k - k**2 + k**3. Let f(m) = -m**3 - 3*m**2 - 5*m - 1. Let z be f(-2). Give b(z).
-1
Let l(n) be the third derivative of -1/12*n**4 + 0*n + 2/3*n**3 + 1/120*n**6 + 0 - 5*n**2 + 1/30*n**5. Calculate l(-3).
1
Let h = 42 - 44. Let w(d) = -6*d**2 + d - 3. Let m(u) = 25*u**2 - 5*u + 13. Let n(j) = h*m(j) - 9*w(j). Suppose -r - 4 = 3*r. Calculate n(r).
4
Let l(v) be the third derivative of 0*v + 1/60*v**5 - 1/3*v**3 - 2*v**2 + 1/24*v**4 + 0. What is l(-2)?
0
Let j(u) be the third derivative of u**4/12 - u**3/2 + 44*u**2. Give j(3).
3
Let b(w) = w**3 - 5*w**2 + 5*w - 3. Suppose -3*n = -82 + 13. Let y = n - 20. Give b(y).
-6
Let k(z) = z**3 + 13*z**2 + 11*z - 10. Let u be k(-12). Let t(r) = 5*r**2 - 14*r**2 + 1 + r + 6*r**u. Calculate t(2).
-9
Suppose 420 = -61*x + 19*x. Let k(i) = -i**3 - 11*i**2 - 8*i + 9. What is k(x)?
-11
Let a(m) be the first derivative of m**2 + 17*m - 12. Calculate a(0).
17
Let j(c) = c**2 - 10*c + 10. Let h = -260 - -268. Give j(h).
-6
Let z(y) = -2*y - 8 + 2 - y**2 + 4. Let x be z(0). Let n(h) = 5*h**2 + 2*h - 1. Determine n(x).
15
Let v = 19 - -60. Let l(r) = 40 - 2*r + 3*r + 40 - v. Let q be (-2 - 0)/((-2)/(-3)). Calculate l(q).
-2
Let i(d) be the first derivative of 13 - 11*d - 1/2*d**2. What is i(-7)?
-4
Let j(m) = -5*m + 4. Let x(z) = -11*z + 7. Let a(n) = 9*j(n) - 4*x(n). Let i(r) = -r**3 - 5*r**2 - r + 1. Let c be i(-5). Calculate a(c).
2
Let p = -2 - 1. Let u be 0 + p*(-2)/6. Let j(g) = 42*g - 15*g - 24*g. What is j(u)?
3
Let r = -79 - -83. Suppose -3*o = -f - 1, -f - 3*f + 2*o - r = 0. Let p(d) = 9*d**2 - 1. Calculate p(f).
8
Let m(r) = -5*r. Let p(c) = -6*c. Let s(h) = 4*m(h) - 3*p(h). Let j = -28 + 54. Let d = j + -23. Give s(d).
-6
Let r(n) = 7*n**2 - 4. Let a(o) = 12*o**2 - 7. Let w(g) = 4*a(g) - 7*r(g). Determine w(-2).
-4
Suppose 0 = -6*i + 14*i - 8. Let y = -11 - -7. Let a be (-45)/(-12) - i/y. Let c(f) = -f**2 + 4*f + 2. Calculate c(a).
2
Let y(h) be the third derivative of h**7/840 + h**6/90 - 5*h**4/24 - h**3/6 - 5*h**2. Let f(m) be the first derivative of y(m). 